 + 9*p. Suppose -8*j + p*j = 5805. List the prime factors of j.
3, 5, 43
Let a = 16 + -16. Suppose -233*l + 227*l + 2808 = a. What are the prime factors of l?
2, 3, 13
Let u = 216 - 218. What are the prime factors of 4/(-22) - 6933/33*u?
2, 3, 5, 7
Suppose -31*y + 6852935 + 467047 = 127*y. What are the prime factors of y?
3, 15443
List the prime factors of ((-192)/15)/((-158)/143385).
2, 3, 11
Let b(l) be the first derivative of -l**3/3 - 51*l**2/2 - 24*l + 2. List the prime factors of b(-31).
2, 149
Let v(h) = 9*h**2 + 210*h - 27. Let d be v(-23). What are the prime factors of d/(-864) + (-20572)/(-18)?
3, 127
Let l be 2/(4 - 1690/425). Suppose 2*m = 8*n - 3*n - l, 4*n + 3*m = 45. Suppose -2*g + 176 = 5*t, g = 5*t + n - 197. What are the prime factors of t?
2, 3
Let k = 226 + -344. Let b = -116 - k. Let i(z) = 31*z**3 + 3*z**2 - 8*z + 11. List the prime factors of i(b).
3, 5, 17
Let l be 0/((22 + -2)/5). Suppose -z - 6 = -9*q + 6*q, l = q + 3*z - 12. Suppose -2*p - q*r + 165 = 0, -r = -4*p + 2*r + 321. What are the prime factors of p?
3
List the prime factors of (1291/(-2))/((95880/(-352))/17 + 16).
2, 11, 1291
Let q(w) = -w**3 - 6*w**2 - 4. Let g(x) = -6*x**3 - 40*x**2 + x - 22. Let y(v) = 2*g(v) - 13*q(v). Let f = 0 - 0. What are the prime factors of y(f)?
2
Let m(q) be the second derivative of -2*q**5 + 5*q**3/6 + 5*q**2/2 - 129*q. What are the prime factors of m(-1)?
2, 5
Suppose -b = 3*v + 4*b - 53, -4*v + 76 = 4*b. Let q(o) be the first derivative of -o**3/3 + 13*o**2 - 12*o + 757. List the prime factors of q(v).
3, 31
Let j = -10 + 15. Suppose 3*p = -15, -4*n - j*p + 0*p = 93. Let f = n - -134. List the prime factors of f.
3, 13
Let j(r) = -r**2 - r + 2. Suppose 3*h = 3*f + 12, 2 = -h + 3*f + f. Let k be j(h). What are the prime factors of (220/k)/((-2)/60)?
3, 5, 11
Let i = -518 + 3644. What are the prime factors of i?
2, 3, 521
Suppose 3*s + 483 = 4*d + 25501, -5*s + 4*d + 41694 = 0. List the prime factors of s.
2, 11, 379
Suppose 0 = -4*u, -3851 - 424 = -5*i - 5*u. Let k = i - 428. What are the prime factors of k?
7, 61
Let p = 349 - -2. Let u = p - 220. List the prime factors of u.
131
Let b(h) = h + 54. Let w be (-3)/((-2)/6 + 2/3). Let u be (-469)/(-21) - 6/w. List the prime factors of b(u).
7, 11
Let r = 1249 - 241. List the prime factors of ((-306)/(-21))/(4*6/r).
2, 3, 17
What are the prime factors of 63/27*(-28707)/(10 + -17)?
7, 1367
Let d = 85 + -74. Suppose -7 = 2*c - d. Suppose 83 = c*l - 207. List the prime factors of l.
5, 29
What are the prime factors of (-32412)/(-1752)*57*2?
3, 19, 37
Let r(z) = z**2 - z - 4. Let p be r(-2). Let g be -4 + p - 1 - -4. What are the prime factors of (g - -21)*(-5)/(-10)?
11
List the prime factors of ((-132784)/(-10) - (-61 + 65))/(18/60).
2, 5531
Let z(f) be the third derivative of 13*f**4/12 - 49*f**3/3 + f**2 + 34*f. What are the prime factors of z(6)?
2, 29
Let u(h) = -178*h + 2689. List the prime factors of u(-107).
3, 5, 7, 23
Let c = -15372 + 21617. List the prime factors of c.
5, 1249
Suppose 6*f = -1565 - 5347. Let c = -549 - f. List the prime factors of c.
3, 67
Suppose 10*a = 9*a, -2*a + 15402 = 3*k - 0*a. What are the prime factors of k?
2, 17, 151
Suppose 5*t - 22736 = -12*t + 3*t. List the prime factors of t.
2, 7, 29
Let s = 5195 - 2303. Let o = s + -1599. List the prime factors of o.
3, 431
Let n(z) = -2*z**3 + 7*z**2 - z. Let f be n(-5). Suppose 27*a = 22*a + f. Suppose 3*k = k + a. List the prime factors of k.
43
Suppose 0 = -4*b - 2*t + 2158, -2695 = -2*b - 3*b - 3*t. What are the prime factors of b?
2, 271
Suppose -4*c + 8*c = 12. List the prime factors of 273 - (-5 + c + 2).
3, 7, 13
Suppose 92*q - 91*q = z + 24937, 199484 = 8*q + 4*z. List the prime factors of q.
2, 3, 1039
Let z be (-28)/42 + (-23)/(-3). Let u = z - 14. Let d(s) = -34*s - 21. What are the prime factors of d(u)?
7, 31
Suppose 10*a = 3*a + 3504 + 3146. List the prime factors of a.
2, 5, 19
Let w = 8 - 5. Suppose 180 = 52*u - 7*u. Suppose 0 = -2*m + 2*f + 302, u*m - w*f + 139 = 5*m. List the prime factors of m.
2, 37
Let b(w) be the second derivative of -w**4/12 - 13*w**3/2 - 14*w**2 - 38*w. What are the prime factors of b(-15)?
2, 83
Let o(i) = i**2 + 11*i - 14. Let l = -3 + 18. Let v be o(l). Suppose 5*w = 4*g - v, 2*g - 188 = -0*g + 2*w. What are the prime factors of g?
2, 47
Suppose -4*n = 2*s - 10708 - 4230, n + 5*s = 3730. What are the prime factors of n?
3, 5, 83
Let k = 63 - 60. Suppose -b = -h + k - 2, -5*h + b + 1 = 0. Suppose -45 = -x - h*x. List the prime factors of x.
3, 5
Suppose 34*o - 150324 = 11*o + 83494. List the prime factors of o.
2, 13, 17, 23
Let d(v) be the first derivative of 1/4*v**4 + 6 - 25/2*v**2 - 23*v + 10/3*v**3. List the prime factors of d(-11).
131
Suppose -8552 = -0*x + 4*x - 58176. List the prime factors of x.
2, 6203
Let i(k) = 166*k**3 - 4*k**2 + 4*k - 11. List the prime factors of i(4).
5, 2113
Suppose 3*f + 7*j - 26 = 11*j, 5*f - 35 = 5*j. Suppose -f*n + 2*p + 304 = 0, -3*p = 10*n - 11*n + 158. What are the prime factors of n?
149
Let r be (-1 - -5)/(2/6). Suppose 10*b = 12*b - 4*j + 4, 3*b - j - 9 = 0. List the prime factors of 111 - (-6)/r*b.
113
Suppose -176*c + 181*c = 5*k - 20960, -k - c + 4188 = 0. List the prime factors of k.
2, 5, 419
Suppose -2605410 = 120*v - 298*v + 88*v. List the prime factors of v.
28949
Let i = -161 + 3163. List the prime factors of i.
2, 19, 79
Suppose 15088 = -50*d + 188738. List the prime factors of d.
23, 151
Let h(o) = 5*o - 5. Let v be h(3). Suppose u + v = -u, 4*k + 7 = -3*u. List the prime factors of ((4 - 1)/9)/(k/30).
5
Suppose -29*m + 80001 = 31*m - 1899. List the prime factors of m.
3, 5, 7, 13
Suppose 3*j + 9 + 3 = -4*x, -3*j + 3 = -x. List the prime factors of 149/x*-3 + 5.
2, 7, 11
Let w(d) be the third derivative of 25*d**4/8 + 8*d**3 + 3*d**2 - 2. List the prime factors of w(3).
3, 7, 13
Let i = 541 + -541. Suppose 2*p = 13*d - 10*d + 1877, -5*p - 5*d + 4630 = i. List the prime factors of p.
7, 19
Suppose 148*v - 1042901 - 6493111 = 0. What are the prime factors of v?
3, 11, 1543
Let k = -282 + 287. Let w(q) = q**3 - 2*q**2 + 13*q - 1. List the prime factors of w(k).
139
Let j = 116 - 116. Suppose 4*d - 2*t + j*t - 858 = 0, 2*t + 428 = 2*d. List the prime factors of d.
5, 43
Let b = 84 + -81. Suppose b*k - 6*k = -39. List the prime factors of k + 14 + (-1)/(0 - 1).
2, 7
Suppose 29 = p - 72. Suppose -w - 95 = -6*w + 2*g, -2*g = 0. Let d = p - w. List the prime factors of d.
2, 41
Let w(h) = h**2 - 5*h - 6. Let i = 16 + -23. Let g be ((-6)/i)/3 + (-720)/70. What are the prime factors of w(g)?
2, 3
Let s(i) = -97*i**3 + i**2 - 54*i - 367. List the prime factors of s(-8).
17, 29, 101
Let f = 35 + -33. Let m(r) = 12*r**f - 1 + 25*r - 47*r + 24*r. List the prime factors of m(2).
3, 17
Let i(q) = 30*q**3 + 44*q**2 - 278*q - 10. List the prime factors of i(6).
2, 31, 103
List the prime factors of (-84)/(-49) - 32/28 - 752632/(-14).
2, 3, 5, 7
Let q(f) = f**2 + 50*f - 467. Let w be q(-61). Let k be 18/(-5) - (-4)/(-10). Let l = k + w. List the prime factors of l.
2, 5
Suppose 3*m - 21854 = -24*y + 19*y, -5*y + 21846 = 7*m. What are the prime factors of y?
2, 1093
Let m = 1084 - -59686. What are the prime factors of m?
2, 5, 59, 103
Let u(q) = -7*q + 6*q + 11 + 4*q. Let c be u(-4). What are the prime factors of c - (-412)/(16/4)?
2, 3, 17
Let d = -28 + 32. Suppose -d*a - 4*h = -72, 58 = -a + 4*a - h. Suppose -3*l - 4*g = -20 - a, -2*l - 4*g = -22. List the prime factors of l.
17
Let d = -24945 + 34775. What are the prime factors of d?
2, 5, 983
Suppose -81979 + 29266 = -8*t + 127095. What are the prime factors of t?
2, 3, 1873
Let j(o) = o**3 + 3*o**2 - o + 10. Let d = -36 - -41. Let m(r) = -r**3 - 3*r**2 - 10. Let w(g) = d*j(g) + 6*m(g). What are the prime factors of w(-6)?
2
Suppose 17*o = -22*o + 2145544 - 4756. List the prime factors of o.
2, 13723
Suppose -3*b + 849 + 168 = 0. Let v = -15680 + 15700. Suppose -2*y = 2*t - 7*y - b, 4*y + v = 0. List the prime factors of t.
157
Let w be 20*1/8*4/(-10). Let k(c) = 258*c**3 + c**2 + 2*c + 6. Let l(y) = -1. Let s(j) = w*k(j) - 4*l(j). List the prime factors of s(-1).
257
Let o(d) = d**3 + 110*d**2 + 46*d - 42. List the prime factors of o(-107).
29383
Let i(m) = 787*m - 9